ple of 15?
True
Does 41 divide 315592?
False
Is 8 a factor of 25110?
False
Does 21 divide 4469954?
False
Is 25 a factor of 154134?
False
Is 215350 a multiple of 73?
True
Does 21 divide 88683?
True
Does 982 divide 2247798?
True
Is 2421 a factor of 15160302?
True
Is 396467 a multiple of 96?
False
Is 23 a factor of 732201?
False
Is 334944 a multiple of 288?
True
Does 40 divide 2160043?
False
Does 15 divide 516270?
True
Is 326312 a multiple of 28?
True
Is 142326 a multiple of 6?
True
Is 18 a factor of 39114?
True
Does 159 divide 33867?
True
Does 9 divide 216161?
False
Does 10 divide 1451805?
False
Is 1429458 a multiple of 37?
True
Is 17 a factor of 9600364?
False
Does 159 divide 594183?
True
Does 525 divide 1701753?
False
Does 287 divide 258013?
True
Is 3348501 a multiple of 139?
False
Is 3507651 a multiple of 63?
True
Does 28 divide 421512?
True
Is 97310 a multiple of 20?
False
Is 519 a factor of 2656854?
False
Is 55 a factor of 274930?
False
Is 10 a factor of 14990?
True
Is 1076009 a multiple of 679?
False
Is 282 a factor of 768450?
True
Is 22 a factor of 127279?
False
Does 36 divide 365112?
True
Is 49 a factor of 53805?
False
Is 22 a factor of 137323?
False
Is 164083 a multiple of 537?
False
Does 813 divide 616254?
True
Is 6 a factor of 78795?
False
Is 46 a factor of 9420432?
True
Does 817 divide 761618?
False
Is 17 a factor of 27659?
True
Is 18592681 a multiple of 11?
False
Is 156135 a multiple of 4?
False
Does 13 divide 994279?
True
Is 3990504 a multiple of 12?
True
Does 9 divide 111636?
True
Is 934560 a multiple of 264?
True
Is 442682 a multiple of 39?
False
Is 402553 a multiple of 68?
False
Is 49 a factor of 1282552?
False
Is 423201 a multiple of 165?
False
Is 77 a factor of 110070?
False
Is 214336 a multiple of 53?
False
Does 32 divide 1600064?
True
Is 93940 a multiple of 62?
False
Is 727905 a multiple of 78?
False
Does 4 divide 816840?
True
Is 3692504 a multiple of 332?
True
Does 6 divide 2204946?
True
Is 148360 a multiple of 8?
True
Is 2260677 a multiple of 17?
True
Is 72297 a multiple of 9?
True
Is 2117728 a multiple of 32?
True
Is 32 a factor of 6090901?
False
Is 1751 a factor of 5423849?
False
Does 81 divide 868504?
False
Is 501 a factor of 142810?
False
Does 249 divide 18554484?
True
Is 287550 a multiple of 50?
True
Does 7 divide 59114?
False
Is 12108 a multiple of 6?
True
Does 5 divide 454202?
False
Is 334869 a multiple of 292?
False
Is 1102392 a multiple of 72?
True
Is 684 a multiple of 3?
True
Does 571 divide 982120?
True
Is 71 a factor of 1143242?
True
Does 5 divide 8235678?
False
Does 240 divide 109680?
True
Is 309982 a multiple of 18?
False
Is 7046703 a multiple of 20?
False
Is 1614343 a multiple of 70?
False
Is 127 a factor of 300736?
True
Does 13 divide 23011601?
False
Is 88 a factor of 100316?
False
Does 47 divide 175968?
True
Does 123 divide 110141?
False
Is 30896 a multiple of 8?
True
Is 135129 a multiple of 127?
False
Is 5 a factor of 146825?
True
Is 16 a factor of 10684507?
False
Does 53 divide 2356907?
False
Is 141 a factor of 3449104?
False
Does 148 divide 119436?
True
Is 4937441 a multiple of 14?
False
Is 2 a factor of 2414?
True
Is 16 a factor of 48?
True
Does 6 divide 108168?
True
Is 2932285 a multiple of 14?
False
Is 374220 a multiple of 45?
True
Is 11 a factor of 50149?
True
Does 77 divide 300146?
True
Does 12 divide 3968460?
True
Does 126 divide 3389859?
False
Does 221 divide 242742?
False
Does 185 divide 143745?
True
Is 106 a factor of 978531?
False
Is 25 a factor of 154050?
True
Is 9 a factor of 78579?
True
Does 12 divide 70893?
False
Does 1427 divide 2928590?
False
Is 41852 a multiple of 62?
False
Is 6292104 a multiple of 13?
True
Is 209825 a multiple of 11?
True
Is 701956 a multiple of 348?
False
Is 9 a factor of 7488578?
False
Does 253 divide 98670?
True
Does 103 divide 522020?
False
Is 86 a factor of 4272910?
True
Is 44993 a multiple of 44?
False
Is 113 a factor of 2459781?
False
Does 7 divide 3618846?
True
Is 275900 a multiple of 10?
True
Is 239267 a multiple of 10?
False
Is 2404297 a multiple of 19?
False
Is 13947568 a multiple of 20?
False
Does 322 divide 528560?
False
Is 224014 a multiple of 19?
False
Is 160643 a multiple of 534?
False
Is 110 a factor of 6908770?
True
Does 173 divide 64147?
False
Does 758 divide 214514?
True
Is 26 a factor of 109236?
False
Does 94 divide 2845380?
True
Does 1490 divide 2330360?
True
Is 92 a factor of 47564?
True
Is 743975 a multiple of 28?
False
Does 10 divide 239000?
True
Is 176 a factor of 101811?
False
Does 92 divide 10769980?
True
Is 531 a factor of 667467?
True
Does 166 divide 119313?
False
Is 23 a factor of 5611064?
False
Is 2648159 a multiple of 254?
False
Does 46 divide 691571?
False
Is 8487537 a multiple of 127?
True
Is 80 a factor of 192452?
False
Does 19 divide 17309?
True
Is 150199 a multiple of 7?
True
Is 4797526 a multiple of 30?
False
Is 2727748 a multiple of 39?
False
Does 91 divide 1056783?
True
Is 12 a factor of 214536?
True
Is 15 a factor of 55530?
True
Does 16 divide 5742678?
False
Does 142 divide 13644477?
False
Does 39 divide 7993596?
True
Does 17 divide 94010?
True
Does 46 divide 75844?
False
Does 167 divide 2855366?
True
Is 170 a factor of 5507320?
True
Is 335694 a multiple of 6?
True
Is 39917 a multiple of 32?
False
Is 814433 a multiple of 2?
False
Is 258 a factor of 783804?
True
Does 402 divide 21857578?
False
Does 191 divide 993009?
True
Is 430816 a multiple of 16?
True
Is 308 a factor of 1070300?
True
Does 33 divide 13295?
False
Is 74923 a multiple of 22?
False
Does 10 divide 128916?
False
Is 829735 a multiple of 4?
False
Does 58 divide 10270?
False
Does 122 divide 6243106?
True
Is 7852 even?
True
Does 612 divide 481032?
True
Does 28 divide 153470?
False
Is 129385 a multiple of 227?
False
Does 119 divide 74018?
True
Is 10 a factor of 352770?
True
Is 45 a factor of 15120?
True
Does 348 divide 228678?
False
Is 100171 a multiple of 96?
False
Is 2955 a multiple of 197?
True
Is 23 a factor of 41584?
True
Is 36 a factor of 510300?
True
Is 125 a factor of 486404?
False
Is 20 a factor of 3012540?
True
Does 231 divide 1034649?
True
Is 2673440 a multiple of 586?
False
Does 7 divide 17773?
True
Does 3 divide 2598768?
True
Does 711 divide 2926476?
True
Does 2 divide 20710?
True
Is 14633312 a multiple of 862?
True
Is 162 a factor of 7991298?
True
Does 370 divide 2713531?
False
Is 50734 even?
True
Is 13 a factor of 3426629?
False
Is 4 a factor of 203556?
True
Is 167 a factor of 496224?
False
Is 665854 a multiple of 28?
False
Is 233 a factor of 822293?
False
Is 52785 a multiple of 50?
False
Is 148296 a multiple of 296?
True
Does 8 divide 69896?
True
Is 121476 a multiple of 38?
False
Is 19 a factor of 24301?
True
Is 1377936 a multiple of 252?
True
Does 50 divide 4593112?
False
Is 8 a factor of 770400?
True
Is 42 a factor of 533003?
False
Is 47626 a multiple of 35?
False
Is 137282 a multiple of 83?
True
Is 123391 a multiple of 7?
False
Is 3183546 a multiple of 1457?
False
Does 194 divide 778716?
True
Does 60 divide 161340?
True
Is 4730310 a multiple of 507?
True
Is 9 a factor of 19216?
False
Is 271134 a multiple of 10?
False
Does 28 divide 354956?
True
Does 7 divide 116452?
True
Is 86423 a multiple of 22?
False
Is 41 a factor of 410410?
True
Does 3 divide 23969?
False
Does 256 divide 1144604?
False
Does 186 divide 449808?
False
Does 12 divide 94205?
False
Is 2916675 a multiple of 87?
True
Is 19460 a multiple of 70?
True
Is 391 a factor of 801242?
False
Is 32544 a multiple of 339?
True
Is 11 a factor of 67150?
False
Is 5088942 a multiple of 88?
False
Is 1172734 a multiple of 16?
False
Does 22 divide 123424?
False
Does 23 divide 217479?
False
Is 29 a factor of 106488?
True
Is 5561 a multiple of 81?
False
Is 26 a factor of 1154498?
False
Is 48 a factor of 1590048?
True
Is 41 a factor of 63386?
True
Is 37 a factor of 3983692?
False
Is 4668675 a multiple of 293?
False
Is 666 a factor of 3074256?
True
Does 105 divide 634305?
True
Does 254 divide 1006094?
True
Is 2364232 a multiple of 716?
True
Is 151481 a multiple of 89?
False
Is 1981490 a multiple of 40?
False
Does 20 divide 181720?
True
Does 17 divide 3589159?
True
Is 55911 a multiple of 472?
False
Is 328 a factor of 421782?
False
Is 395213 a multiple of 91?
True
Is 63 a factor of 187130?
False
Does 45 divide